{
    "type":"Feature",
    "properties":{
        "Yksilomaara_tulkittu":1,
        "Keruu_aloitus_pvm":"2025-05-01T00:00:00",
        "Keruu_lopetus_pvm":"2025-05-01T00:00:00",
        "Aineiston_tunniste":"http://tun.fi/HR.3211",
        "Pesintapaikka":null,
        "Elinvaihe":"aikuinen",
        "Taksonin_tunniste":"http://tun.fi/MX.37621",
        "Havaintotapa":"\u00c4\u00e4nitetty",
        "Sukupuoli":"nan",
        "Havaintoeran_lisatiedot":"nan",
        "ETRS_TM35FIN_WKT":"POINT (531657 6975123)",
        "Aika":"2025-05-01",
        "Sijainti":"Niuvanportti E, 70200 Kuopio, Suomi",
        "Havainnoijat":"Annu Vakkila",
        "ETRS_TM35FIN_N":6975124.0,
        "ETRS_TM35FIN_E":531658.0,
        "Maaran_yksikko":"nan",
        "Atlasluokka":"nan",
        "Atlaskoodi":"nan",
        "Seurantapaikan_tila":"nan",
        "Seurantapaikan_tyyppi":"nan",
        "Lataus_pvm":"2025-05-31T00:00:00",
        "Esiintyman_tila":"paikalla",
        "Tieteellinen_nimi":"Rana arvalis",
        "Havainnon_luotettavuus":"Yhteis\u00f6n varmistama",
        "Eliomaakunta":"Pohjois-Savo (PS)",
        "Englanninkielinen_nimi":"Moor frog",
        "Suomenkielinen_nimi":"viitasammakko",
        "Ruotsinkielinen_nimi":"\u00e5kergroda",
        "Taksonominen_jarjestys":108,
        "Aineiston_laatu":"Kansalaishavaintoja / ei laadunvarmistusta",
        "Uhanalaisuusluokka":"LC \u2013 Elinvoimaiset",
        "Hallinnollinen_asema":"Suomessa esiintyv\u00e4t Euroopan unionin tiukkaa suojelua edellytt\u00e4v\u00e4t eli\u00f6lajit  (LSA 2023/1066, liite 7), EU:n luontodirektiivin IV-liite, Uhanalaisten lajien esiintymien turvaaminen mets\u00e4taloudessa \u2013 Lajiturva-hankkeessa 2019\u20132021 laadittu lajiluettelo, Mets\u00e4nk\u00e4ytt\u00f6ilmoitusten automaattimenettelyss\u00e4 k\u00e4ytett\u00e4v\u00e4 lajiluettelo (MKI-OHKE 2023)",
        "Sensitiivinen_laji":false,
        "Ensisijainen_biotooppi":"M \u2013 Mets\u00e4t",
        "Valtion_maalla":null,
        "Lajiturva":"Lakis\u00e4\u00e4teinen",
        "Yleiskielinen_nimi":"viitasammakko",
        "Elioryhma":"Matelijat ja sammakkoel\u00e4imet",
        "Kunta":"Kuopio",
        "Aineisto":"iNaturalist Suomi Finland",
        "Vastuualue":"Pohjois-Savon ELY-keskus",
        "Elinvoimakeskus":"It\u00e4-Suomen elinvoimakeskus",
        "Havainnon_tunniste":"http://tun.fi/HR.3211/277480775-U",
        "Maara":null,
        "Keruutapahtuman_tunniste":"http://tun.fi/HR.3211/277480775-G",
        "Maarittaja":"Annu Vakkila, Antero, \u0412\u0430\u0441\u0438\u043b\u0438\u043d\u0430 \u0421\u0442\u0440\u0443\u0441",
        "Havainnon_lisatiedot":null,
        "Alkuperainen_nimi":"Rana arvalis",
        "Havaintoeran_tunniste":"http://tun.fi/HR.3211/277480775",
        "Karkeistuksen_syy":null,
        "Keruutapahtuman_lisatiedot":"\u00c4\u00e4nitteell\u00e4 kuuluu sek\u00e4 viitasammakko ett\u00e4 ruskosammakko.\n\nYou can hear Rana arvalis and Rana temporaria.",
        "Avainsanat":null,
        "Paikallinen_tunniste":"http://tun.fi/HR.3211/277480775-U",
        "Paikan_tarkkuus_metreina_max":57,
        "Yhdistetty":1
    },
    "id":"http://tun.fi/HR.3211/277480775-U",
    "geometry":{
        "type":"Point",
        "coordinates":[
            27.62297,
            62.90469
        ]
    },
    "prev":"http://tun.fi/HR.3211/276928217-U",
    "next":"http://tun.fi/HR.3211/277663504-U",
    "links":[
        {
            "type":"application/json",
            "rel":"root",
            "title":"The landing page of this server as JSON",
            "href":"https://ogcapi.laji.fi?f=json"
        },
        {
            "type":"text/html",
            "rel":"root",
            "title":"The landing page of this server as HTML",
            "href":"https://ogcapi.laji.fi?f=html"
        },
        {
            "rel":"self",
            "type":"application/geo+json",
            "title":"This document as JSON",
            "href":"https://ogcapi.laji.fi/collections/pohjois_savo_points/items/http://tun.fi/HR.3211/277480775-U?f=json"
        },
        {
            "rel":"alternate",
            "type":"application/ld+json",
            "title":"This document as RDF (JSON-LD)",
            "href":"https://ogcapi.laji.fi/collections/pohjois_savo_points/items/http://tun.fi/HR.3211/277480775-U?f=jsonld"
        },
        {
            "rel":"alternate",
            "type":"text/html",
            "title":"This document as HTML",
            "href":"https://ogcapi.laji.fi/collections/pohjois_savo_points/items/http://tun.fi/HR.3211/277480775-U?f=html"
        },
        {
            "rel":"collection",
            "type":"application/json",
            "title":"pohjois_savo_points",
            "href":"https://ogcapi.laji.fi/collections/pohjois_savo_points"
        },
        {
            "rel":"prev",
            "type":"application/json",
            "href":"https://ogcapi.laji.fi/collections/pohjois_savo_points/items/http://tun.fi/HR.3211/276928217-U?f=json"
        },
        {
            "rel":"next",
            "type":"application/json",
            "href":"https://ogcapi.laji.fi/collections/pohjois_savo_points/items/http://tun.fi/HR.3211/277663504-U?f=json"
        }
    ]
}

Äänitetty

Yhteisön varmistama

åkergroda

Suomessa esiintyvät Euroopan unionin tiukkaa suojelua edellyttävät eliölajit  (LSA 2023/1066, liite 7), EU:n luontodirektiivin IV-liite, Uhanalaisten lajien esiintymien turvaaminen metsätaloudessa – Lajiturva-hankkeessa 2019–2021 laadittu lajiluettelo, Metsänkäyttöilmoitusten automaattimenettelyssä käytettävä lajiluettelo (MKI-OHKE 2023)

M – Metsät

Lakisääteinen

Matelijat ja sammakkoeläimet

Itä-Suomen elinvoimakeskus

Annu Vakkila, Antero, Василина Струс

Äänitteellä kuuluu sekä viitasammakko että ruskosammakko.

You can hear Rana arvalis and Rana temporaria.
