{
    "type":"Feature",
    "properties":{
        "Yksilomaara_tulkittu":1,
        "Keruu_aloitus_pvm":"2022-05-02T00:00:00",
        "Keruu_lopetus_pvm":"2022-05-02T00:00:00",
        "Aineiston_tunniste":"http://tun.fi/HR.1267",
        "Pesintapaikka":null,
        "Elinvaihe":"nan",
        "Taksonin_tunniste":"http://tun.fi/MX.44384",
        "Havaintotapa":"N\u00e4yte",
        "Sukupuoli":"nan",
        "Havaintoeran_lisatiedot":"nan",
        "ETRS_TM35FIN_WKT":"POINT (503997 6789548)",
        "Aika":"2022-05-02",
        "Sijainti":"Valtola, Torakangas, Sepp\u00e4l\u00e4nkorven YSA",
        "Havainnoijat":"Kyp\u00e4r\u00e4, Timo",
        "ETRS_TM35FIN_N":6789549.0,
        "ETRS_TM35FIN_E":503998.0,
        "Maaran_yksikko":"nan",
        "Atlasluokka":"nan",
        "Atlaskoodi":"nan",
        "Seurantapaikan_tila":"nan",
        "Seurantapaikan_tyyppi":"nan",
        "Lataus_pvm":"2024-10-18T00:00:00",
        "Esiintyman_tila":"paikalla",
        "Tieteellinen_nimi":"Nowellia curvifolia",
        "Havainnon_luotettavuus":"Asiantuntijan varmistama",
        "Eliomaakunta":"Etel\u00e4-Savo (ES)",
        "Englanninkielinen_nimi":"nan",
        "Suomenkielinen_nimi":"rakkosammal",
        "Ruotsinkielinen_nimi":"l\u00e5ngfliksmossa",
        "Taksonominen_jarjestys":157385,
        "Aineiston_laatu":"Ammattiaineistot / asiantuntijoiden laadunvarmistama",
        "Uhanalaisuusluokka":"NT \u2013 Silm\u00e4ll\u00e4pidett\u00e4v\u00e4t",
        "Hallinnollinen_asema":"VANHA Uhanalaisten lajien turvaaminen mets\u00e4taloudessa -hankkeessa 2007\u20132010 laadittu mets\u00e4lajiluettelo, Mets\u00e4isten suojelualueiden konnektiviteetti \u2013 SUMI-hankkeessa 2020 laadittu mets\u00e4lajiluettelo, Uhanalaisten lajien esiintymien turvaaminen mets\u00e4taloudessa \u2013 Lajiturva-hankkeessa 2019\u20132021 laadittu lajiluettelo, Alueellisesti uhanalainen 2020 - 1a Hemiboreaalinen, Ahvenanmaa, Alueellisesti uhanalainen 2020 - 2a Etel\u00e4boreaalinen, Lounaismaa ja Pohjanmaan rannikko, Alueellisesti uhanalainen 2020 - 2b Etel\u00e4boreaalinen, J\u00e4rvi-Suomi, Alueellisesti uhanalainen 2020 - 3a Keskiboreaalinen, Pohjanmaa, Alueellisesti uhanalainen 2020 - 3b Keskiboreaalinen, Pohjois-Karjala\u2013Kainuu",
        "Sensitiivinen_laji":false,
        "Ensisijainen_biotooppi":"Mkt \u2013 tuoreet ja lehtomaiset kankaat",
        "Valtion_maalla":null,
        "Lajiturva":"Silm\u00e4ll\u00e4pidett\u00e4v\u00e4",
        "Yleiskielinen_nimi":"rakkosammal",
        "Elioryhma":"Sammalet",
        "Kunta":"M\u00e4ntyharju",
        "Aineisto":"Oulun yliopiston kasvimuseon sammalkokoelma",
        "Vastuualue":"Etel\u00e4-Savon ELY-keskus",
        "Elinvoimakeskus":"It\u00e4-Suomen elinvoimakeskus",
        "Havainnon_tunniste":"http://id.herb.oulu.fi/MY.13891607",
        "Maara":null,
        "Keruutapahtuman_tunniste":"http://id.herb.oulu.fi/MY.13891606",
        "Maarittaja":"Kyp\u00e4r\u00e4, Timo",
        "Havainnon_lisatiedot":null,
        "Alkuperainen_nimi":"Nowellia curvifolia",
        "Havaintoeran_tunniste":"http://tun.fi/GAT.1999",
        "Karkeistuksen_syy":null,
        "Keruutapahtuman_lisatiedot":null,
        "Avainsanat":null,
        "Paikallinen_tunniste":"http://id.herb.oulu.fi/MY.13891607",
        "Paikan_tarkkuus_metreina_max":10,
        "Yhdistetty":1
    },
    "id":"http://id.herb.oulu.fi/MY.13891607",
    "geometry":{
        "type":"Point",
        "coordinates":[
            27.074464,
            61.24023
        ]
    },
    "prev":"http://id.herb.oulu.fi/MY.11721224",
    "next":"http://id.herb.oulu.fi/MY.13987580",
    "links":[
        {
            "type":"application/json",
            "rel":"root",
            "title":"The landing page of this server as JSON",
            "href":"https://ogcapi.laji.fi?f=json"
        },
        {
            "type":"text/html",
            "rel":"root",
            "title":"The landing page of this server as HTML",
            "href":"https://ogcapi.laji.fi?f=html"
        },
        {
            "rel":"self",
            "type":"application/geo+json",
            "title":"This document as JSON",
            "href":"https://ogcapi.laji.fi/collections/etela_savo_points/items/http://id.herb.oulu.fi/MY.13891607?f=json"
        },
        {
            "rel":"alternate",
            "type":"application/ld+json",
            "title":"This document as RDF (JSON-LD)",
            "href":"https://ogcapi.laji.fi/collections/etela_savo_points/items/http://id.herb.oulu.fi/MY.13891607?f=jsonld"
        },
        {
            "rel":"alternate",
            "type":"text/html",
            "title":"This document as HTML",
            "href":"https://ogcapi.laji.fi/collections/etela_savo_points/items/http://id.herb.oulu.fi/MY.13891607?f=html"
        },
        {
            "rel":"collection",
            "type":"application/json",
            "title":"etela_savo_points",
            "href":"https://ogcapi.laji.fi/collections/etela_savo_points"
        },
        {
            "rel":"prev",
            "type":"application/json",
            "href":"https://ogcapi.laji.fi/collections/etela_savo_points/items/http://id.herb.oulu.fi/MY.11721224?f=json"
        },
        {
            "rel":"next",
            "type":"application/json",
            "href":"https://ogcapi.laji.fi/collections/etela_savo_points/items/http://id.herb.oulu.fi/MY.13987580?f=json"
        }
    ]
}

Näyte

Valtola, Torakangas, Seppälänkorven YSA

Kypärä, Timo

Etelä-Savo (ES)

långfliksmossa

NT – Silmälläpidettävät

VANHA Uhanalaisten lajien turvaaminen metsätaloudessa -hankkeessa 2007–2010 laadittu metsälajiluettelo, Metsäisten suojelualueiden konnektiviteetti – SUMI-hankkeessa 2020 laadittu metsälajiluettelo, Uhanalaisten lajien esiintymien turvaaminen metsätaloudessa – Lajiturva-hankkeessa 2019–2021 laadittu lajiluettelo, Alueellisesti uhanalainen 2020 - 1a Hemiboreaalinen, Ahvenanmaa, Alueellisesti uhanalainen 2020 - 2a Eteläboreaalinen, Lounaismaa ja Pohjanmaan rannikko, Alueellisesti uhanalainen 2020 - 2b Eteläboreaalinen, Järvi-Suomi, Alueellisesti uhanalainen 2020 - 3a Keskiboreaalinen, Pohjanmaa, Alueellisesti uhanalainen 2020 - 3b Keskiboreaalinen, Pohjois-Karjala–Kainuu

Silmälläpidettävä

Mäntyharju

Etelä-Savon ELY-keskus

Itä-Suomen elinvoimakeskus
